00 + 99 + (20 - -3)
22
What is (-5 - (8 - 12)) + (-22 - -6 - -1)?
-16
What is the value of 7 - (7 + (2 - -1 - (1 + -10)))?
-12
Calculate (19 - 1) + 11 + -14.
15
Evaluate 1 + 9 + (-5 - -4) + 2.
11
What is the value of (1 - 11) + (-1 - -8) + -23?
-26
Evaluate (5 - (5 + 0)) + (0 - 2).
-2
What is the value of -14 - (2 + (-4 - 11))?
-1
What is the value of 9 - (4 - (9 + -7 + -9))?
-2
-15 + 28 + (3 - (49 + -4))
-29
Evaluate 16 + -2 - (82 - 51).
-17
Evaluate (57 - 30) + -22 - (-2 + -25 + -1).
33
What is the value of -1 - 11 - (-5 + 6 + -9) - 19?
-23
(-25 - -22) + -12 - (0 + -8)
-7
Calculate -33 + 6 + (10 - (-1 - -11)).
-27
Calculate -1 + -1 + 4 - (6 - 17).
13
What is the value of -6 + -1 + (13 - (12 + 11))?
-17
-21 + 0 + 1 + 2 + (4 - 0)
-14
3 - -1 - (-17 - (18 + -37))
2
What is 2 + (-10 - (-33 - -9))?
16
What is the value of (67 - 54) + (-13 - -3)?
3
Evaluate 33 + -12 + -18 + -31.
-28
Evaluate (31 - 35) + -1 + -2.
-7
What is (-19 + -9 - 5) + 39?
6
What is the value of (37 - 4) + (-32 - 17)?
-16
What is -17 - (-10 + (2 - 11))?
2
What is the value of (11 - 4) + -7 - -3 - (8 + -1)?
-4
What is the value of (15 - (4 - -11)) + 2 + -6?
-4
What is the value of 32 + -23 + (-11 - -2)?
0
Evaluate -16 + 11 - (-2 + -12).
9
What is the value of -12 + (5 - 5) - (-1 + -1 + 1)?
-11
What is -2 + 1 - (4 + -1) - (-119 + 118)?
-3
What is the value of -5 + 2 - (-8 + -10 + (-2 - -19))?
-2
What is the value of (-6 - 19) + -22 - -34?
-13
What is the value of 7 + (-14 - 10 - -12)?
-5
Calculate -17 - (2 - 2) - (1 + -4).
-14
42 + (-6 - (16 - (27 + -10)))
37
-3 - (1 + -3) - (-24 - -2)
21
-16 + 3 + -6 - -9
-10
What is -18 + 19 - ((-3 - -2) + (4 - 1))?
-1
What is -7 - (-40 + (31 - -23))?
-21
What is 3 - (-3 + 2 + -24) - 5 - 5?
18
What is (-2 - -19 - 12) + -13 - -27?
19
What is the value of (10 - 20 - -13) + (4 - -3) + 2?
12
-14 - (-9 + -3 - (-14 - 0))
-16
What is (12 - 11) + (-1 - 6)?
-6
3 + 7 + (-23 - -2) + 35
24
26 + 20 + (-26 - 22)
-2
What is 9 + (-7 + 3 - (-35 - -19))?
21
What is the value of (-391 - -352) + 20 + -2?
-21
What is the value of -1386 + 1419 - (0 - -11)?
22
Evaluate (7 - -5 - 15 - 3) + -10 + -2.
-18
What is the value of (-30 - -27 - -8) + -4?
1
Evaluate -8 - (-12 - (-5 - -1) - -4).
-4
What is -31 - (1 - (-19 + 50))?
-1
Calculate -10 + (5 - (6 - (-2 + (1 - -1)))).
-11
What is 158 + -143 - (-2 - -22)?
-5
Calculate (-22 + 56 - 25) + -20.
-11
Calculate -19 + (0 - (2 - 0 - 3)).
-18
What is the value of -11 - (1 + 4 + -8 + 0)?
-8
17 + 6 + (2 - 7) + -7
11
What is the value of 5 + -3 - (-325 + 322)?
5
Evaluate -75 + 78 + 0 + 8 + 1.
12
-31 + 15 + (0 - -13) + 18
15
What is the value of -5 + (2 - 12) + 3?
-12
Calculate (26 - -2) + (-151 - -154) + (0 - 6).
25
Evaluate 21 - 6 - (3 + -2) - (-3 + -2).
19
Calculate 1 + -6 + -4 + (14 + -7 - -10).
8
Evaluate (25 - (-4 + 18)) + -10.
1
Calculate -9 - ((-1 - 3) + 13 + (-5 - 10)).
-3
What is the value of (-4 - 1 - (3 + -8 + 0)) + 2?
2
What is (5 - -3 - -31) + -2 + -14?
23
What is the value of (-68 - -53 - (-3 - -2)) + -5?
-19
8 - ((14 - 8) + -2 + -1)
5
Calculate (-6 + 13 - 23) + (6 - -3).
-7
What is the value of -1 - (7 + -12 - (-5 - 4))?
-5
What is (3 - 3) + (-2 - -1) + (18 - 10)?
7
36 + (25 - 37) + -53
-29
What is 27 - (-23 - 3 - -68)?
-15
Calculate -1 - ((-3 - (-1 - -2)) + 4 + -15).
14
What is the value of 1 + -3 + (-29 - -25 - 10)?
-16
(4 - 0) + 0 - -1 - (-88 - -67)
26
What is the value of (-174 + 92 - -83) + (-6 - -1)?
-4
Calculate (2 - 8) + (-47 - -70).
17
What is the value of -15 + 8 + 0 + (9 - 9)?
-7
Evaluate -8 - (4 - 12 - 7).
7
What is -5 + ((-11 - -9) + 12 - 12)?
-7
-316 + 329 + 1 + -23
-9
What is the value of 8 - ((24 - 0) + 41 + -48)?
-9
What is (25 - 1) + -6 - (7 + 3 + -5)?
13
What is the value of 0 + -2 + (-17 + -2 - -20)?
-1
Calculate (-346 - -345) + 0 + 30.
29
What is the value of (9 - 5) + -2 + 10 + (21 - 24)?
9
-10 + 0 + -5 + (2 - 0) + -1
-14
Evaluate -29 + 39 + -5 + -1 + -14.
-10
Calculate (-6 - (-19 + (6 - (-4 + 7)))) + 20.
30
Calculate -36 - -21 - ((-4 - 2) + -1).
-8
Evaluate -583 - -615 - (1 + 19).
12
Evaluate -3 + ((-3 - -3) + 13 + 0 - 2).
8
Calculate 8 - -17 - (23 - (-4 + 16)).
14
What is the value of 17 + -1 - (-23 + 21 - (-4 + -3))?
11
What is (2 - -4) + -19 + 11 + 2 + 9?
9
-41 + 1 + 21 + -11
-30
-8 - (3 - (0 + -4 + 7)) - -19
11
Evaluate (-1 - 19) + 38 + -24.
-6
Evaluate 3 - (-4 - (-1 - 6)) - 13 - -3.
-10
What is -16 + -19 + 27 + 3 + 7?
2
What is -3 - (3 - -6) - 4?
-16
What is the value of 22 - (5 + (-15 - -22))?
10
Calculate -7 - 1 - (2 + -1 + -5 - 4).
0
Calculate -6 - -1 - (-15 - -8 - -14).
-12
Calculate (14 - -1) + -24 + 5.
-4
What is the value of 7 + (-262 - -249 - (-27 + 0))?
21
What is 23 - ((15 - 17) + 8)?
17
Calculate (11 - 55) + 14 - -18.
-12
What is the value of -1 - -6 - (-417 - -450)?
-28
10 - (13 + 1 + -5)
1
46 + (3 - 43) + 0 + 3
9
9 + -11 + 14 - ((-4 - -5) + 5)
6
Calculate -15 - -30 - (0 + 5).
10
Evaluate 21 - (39 + -23 + -19).
24
What is the value of 2 - 2 - ((-13 - -1) + (50 - 45))?
7
What is -81 - (-77 - -1) - (2 - 1)?
-6
Calculate 2 + (1 - (2 + 2)) - (-51 + 49).
1
15 + (14 - 45) + 11
-5
What is the value of 3 + (25 - 10) + -12 - -1?
7
Evaluate 3 + -7 + (-1 - -2) + (5 - -7).
9
16 + -8 + -3 + 7 + 5
17
Calculate -3 + 9 - (-142 + 141).
7
What is the value of 0 - -23 - (39 + -42)?
26
What is 1 - (3 + 9) - (0 + -31)?
20
(-104 - -204) + -101 + 12 + -1 + -1
9
What is the value of -6 + 10 + 35 + -52?
-13
Calculate (-1 - (-1 + 3)) + (-8 - (-7 - 0)).
-4
12 + (4 + 16 - (0 + 12))
20
-13 + (-6 + 14 + -26 - -9)
-22
Evaluate -16 + 9 + -4 + -1.
-12
What is the value of (-9 - (21 - 42)) + -27?
-15
Evaluate 5 - 14 - (3 - -4 - 7).
-9
What is the value of (-28 - -36 - (12 + -4 + -3)) + 15?
18
2562 + -2543 - (8 - (1 - 1))
11
What is 85 + -59 - (43 - 0)?
-17
What is the value of (-4 - -13 - 2) + -26?
-19
18 - 0 - 11 - 15
-8
What is the value of -4 + 4 - (4 - (14 + -6))?
4
What is the value of -25 + 8 - -25 - 1?
7
Evaluate (-6 - (41 - 50)) + 1 + 1.
5
Evaluate 4 - (3 + 4 - 5) - -11.
13
Evaluate 26 - (-10 + -12 + 17 + -4).
35
Calculate 104 + -112 - (-11 + 0) - (-5 - 1).
9
Calculate (-25 + -19 - -15) + 13.
-16
Evaluate (6 - 3) + (10 - 5 - 19) + -5.
-16
Evaluate -4 - (-3 + 4) - -2 - 0.
-3
What is (0 - 8) + 23 + -17?
-2
Evaluate -25 + 13 + -20 + 53.
21
What is 5 + 1 - ((4 + -4 - -2) + 1)?
3
Calculate -1 + (0 - -3) - 0.
2
Evaluate -1 - (1 - -2 - (-76 - -81)).
1
-23 + 19 + -8 + 0 + -4 + -3
-19
What is the value of -35 + 46 + -2 + (2 - 5)?
6
43 - 9 - (-9 + 29 + -10)
24
Calculate -8 - -1 - (55 - 85).
23
What is 34 + -29 + -38 - (-1 + -13)?
-19
What is the value of -16 - (1 - 10) - (34 + -44)?
3
Calculate -3 + 1 + (6 - 10) + 9 - 1.
2
What is (0 - -2 - (-20 - -1)) + -11?
10
Calculate (5 + 0 + -11 - -29) + -5.
18
Evaluate 73 + -80 + 12 - (-2 + (-25 - -2)).
30
Calculate -11 + (37 - 5) + -33.
-12
185 - 170 - (15 + 1)
-1
Calculate (-2 + 1 - -6) + -6 - -2 - -5.
6
Calculate (6 + (-4 - -2) - (1 - 2)) + -12.
-7
Calculate 1 - (-12 - -8 - -7) - -14.
12
Evaluate 0 - 3 - (5 + (0 - -1)).
-9
Evaluate 23 + -15 + (-6 - -12).
14
Evaluate (17 - 30) + -4 + 21 - -6.
10
-12 + (-5 - (6 - 10))
-13
What is the value of (-3 - (1 - 0 - -1)) + 1 + 7?
3
What is the value of (11 - ((7 - -22) + -12)) + -9?
-15
(-9 + 37 - 13) + (-1 - 4)
10
What is -3 + (-6 - (-8 - 13)) + -27?
-15
(-6 - (6 - (-4 - (-2 + -2)))) + 1
-11
Calculate -28 - (-33 - (15 + -26)).
-6
Evaluate 2 - ((-6 + 10 - 4) + -4).
6
What is the value of 0 - (26 - -12) - -34?
-4
Evaluate -5 + -4 + 10 + (-10 - 6) + 3.
-12
Calculate 45 - (0 + 30 - -34).
-19
What is -33 + 2 + (107 - 108) + 18?
-14
(256 - 247 - (-2 - -21)) + -6
-16
What is the value of -1 + -13 - (-123 + 108)?
1
What is 17 + (37 - 58) + (27 - 0)?
23
Calculate 2 + 10 + -8 + 10.
14
Evaluate (1 + -6 + 6 - (-1 + 4)) + 5.
3
What is -7 - (9 - (1 + 7) - 1)?
-7
What is -19 + 8 + 13 + -3?
-1
What is 2 + (6 - (3 - -2) - 10)?
-7
Evaluate -7 + 36 + -52 - -4.
-19
6 + (-5 - -7 - 3 - (3 - -4))
-2
-3 - (2 + -1 - (1 - 2)) - 6
-11
Evaluate -1 - (3 - (-11 - (-3 - 9))).
-3
Evaluate -89 - -92 - (1 + -10).
12
Evaluate -1 + 8 + 0 + -2 + 19 + -17.
7
Evaluate 12 + (10 + 2 - (-8 - -16)).
16
Evaluate (-6 - 4) + -25 + 32.
-3
Evaluate -7 + (1 - -1 - -18).
13
8 + (-1 - 13) + 1 + (258 - 263)
-10
What is 27 - 3 - (24 - (3 + 7))?
10
Calculate (2 - 9) + 29 + (16 -